{"id":271,"date":"2021-03-29T12:49:59","date_gmt":"2021-03-29T10:49:59","guid":{"rendered":"https:\/\/sylverepetit-photos.com\/?page_id=271"},"modified":"2025-11-23T15:31:01","modified_gmt":"2025-11-23T14:31:01","slug":"expositions","status":"publish","type":"page","link":"https:\/\/sylverepetit-photos.com\/index.php\/expositions\/","title":{"rendered":"Expositions"},"content":{"rendered":"\n<p><strong><em>Les M\u00e9tamorphoses<\/em><br><\/strong>Une exposition itin\u00e9rante \u00e0 louer<\/p>\n\n\n\n<p>\u00ab L\u2019appareil photographique n\u2019est pas un outil pour re\u0301aliser des images. C\u2019est une machine magique \u2013 aussi puissante que la machine a\u0300 remonter le temps \u2013 pour sortir de soi et devenir l\u2019autre. C\u2019est une machine a\u0300 devenir lynx, gue\u0302pier, tortue, libellule, le temps d\u2019un de\u0301clenchement. \u00bb<br><strong>Sylve\u0300re Petit<\/strong><br><\/p>\n\n\n\nngg_shortcode_0_placeholder\n\n\n\n<p><br><br>\u00c0 travers vingt tableaux en noir et blanc, l\u2019exposition <em>Les Me\u0301tamorphoses<\/em> nous transporte dans des mondes parall\u00e8les : ceux des extra-terrestres commun\u00e9ment appel\u00e9s \u00ab animaux \u00bb qui vivent \u00e0 nos c\u00f4t\u00e9s. Chaque photographie est accompagn\u00e9e d\u2019un texte o\u00f9 Sylv\u00e8re Petit raconte l\u2019histoire de la prise de vue et livre des r\u00e9flexions sur sa qu\u00eate de d\u00e9centrement et sur les interd\u00e9pendances entre les \u00eatres vivants.<br>Le travail photographique de Sylv\u00e8re Petit s\u2019inscrit dans la lign\u00e9e de ses films et fait \u00e9cho aux travaux des philosophes contemporains Vinciane Despret et Baptiste Morizot.<\/p>\n\n\n\n<div style=\"height:10px\" aria-hidden=\"true\" class=\"wp-block-spacer\"><\/div>\n\n\n\nngg_shortcode_1_placeholder\n\n\n\n<p><br><br>\u2014 20 tirages en noir et blanc imprim\u00e9s sur dibond au format 70&#215;100 cm (dont un tirage affiche de l\u2019exposition)<br>\u2014 \u00c0 exposer dedans et\/ou dehors, \u00e9t\u00e9 comme hiver<br>\u2014 \u00c0 disposition des associations, m\u00e9diath\u00e8ques, mus\u00e9es, lieux d\u2019art et de culture, Monuments historiques, collectivit\u00e9s\u2026<\/p>\n\n\n\n<p>Pour conna\u00eetre la disponibilit\u00e9, les conditions et tarifs de l\u2019exposition <em>Les M\u00e9tamorphoses<\/em>,<br>Ou pour b\u00e2tir ensemble une exposition \u00ab sur mesure \u00bb,<br>\u00e9crivez-nous \u00e0 <a href=\"mailto:contact@sylverepetit-photos.com\" target=\"_blank\" rel=\"noreferrer noopener\">contact@sylverepetit-photos.com<\/a><br><br><\/p>\n\n\n\n<p><strong>Ils ont accueilli l\u2019exposition&#8230;<\/strong><br><br><strong>\u00c0 venir<\/strong> : M\u00e9diath\u00e8que Simone-Veil, Marguerittes (Gard), 2026<br><strong>En cours<\/strong> : Carr\u00e9 d\u2019Art &#8211; M\u00e9diath\u00e8que, N\u00eemes, dans le cadre du <a href=\"https:\/\/www.nimes.fr\/agenda\/le-mois-du-doc-metamorphoses-reseau-des-bibliotheques-de-nimes\" data-type=\"link\" data-id=\"https:\/\/www.nimes.fr\/agenda\/le-mois-du-doc-metamorphoses-reseau-des-bibliotheques-de-nimes\" target=\"_blank\" rel=\"noreferrer noopener\">Mois du doc M\u00e9tamorphoses<\/a>, 2025<br>\u2014 Ch\u00e2teau de Cassan (H\u00e9rault), 2025<br>\u2014 M\u00e9diath\u00e8que Alphonse-Daudet, Al\u00e8s, dans le cadre du\u00a0<a href=\"https:\/\/itinerances.org\/evenements-2025\/\" target=\"_blank\" rel=\"noreferrer noopener\">festival Itin\u00e9rances<\/a>, 2025<br>\u2014 Facult\u00e9 d\u2019\u00c9ducation de Montpellier \u2013 Site de Carcassonne, 2024<br>\u2014 Abbaye de Fontfroide, exposition photo projet\u00e9e dans le cadre des Journ\u00e9es Animages en partenariat avec\u00a0<a href=\"https:\/\/www.theatrecinema-narbonne.com\/evenements\/les-rencontres-animage-2024\/\" target=\"_blank\" rel=\"noreferrer noopener\">Th\u00e9\u00e2tre+Cin\u00e9ma \u2013 Sc\u00e8ne nationale Grand Narbonne<\/a>, mars 2024<br>\u2014 Domaine Jean-David, S\u00e9guret (Vaucluse), 2022<br>\u2014 Universit\u00e9 de Perpignan, 2021<br>\u2014 Emma\u00fcs Lespinassi\u00e8re (Aude), dans le cadre des\u00a0<a href=\"https:\/\/escampeta.org\/exposition\" target=\"_blank\" rel=\"noreferrer noopener\">Rencontres culturelles Escampeta<\/a>, 2021<br>\u2014 Association TAKH \u2013 Centre des chevaux de Przewalski, Hures-la-Parade (Loz\u00e8re), dans le cadre de la\u00a0<a href=\"https:\/\/fetedelanature.com\/edition-2021\/les-chevaux-de-przewalski-vous-invitent-sur-le-causse-mejean\" target=\"_blank\" rel=\"noreferrer noopener\">F\u00eate de la nature<\/a>, 2021<br>\u2014 Lyc\u00e9e agricole Martin Luther-King, Narbonne, 2021<\/p>\n","protected":false},"excerpt":{"rendered":"<p>Les M\u00e9tamorphosesUne exposition itin\u00e9rante \u00e0 louer \u00ab L\u2019appareil photographique n\u2019est pas un outil pour re\u0301aliser des images. C\u2019est une machine magique \u2013 aussi puissante que la machine a\u0300 remonter le temps \u2013 pour sortir de soi et devenir l\u2019autre. C\u2019est une machine a\u0300 devenir lynx, gue\u0302pier, tortue, libellule, le temps d\u2019un de\u0301clenchement. \u00bbSylve\u0300re Petit \u00c0 &hellip; <\/p>\n<p class=\"link-more\"><a href=\"https:\/\/sylverepetit-photos.com\/index.php\/expositions\/\" class=\"more-link\">Continuer la lecture<span class=\"screen-reader-text\"> de &laquo;&nbsp;Expositions&nbsp;&raquo;<\/span><\/a><\/p>\n","protected":false},"author":1,"featured_media":0,"parent":0,"menu_order":0,"comment_status":"closed","ping_status":"closed","template":"","meta":{"ngg_post_thumbnail":0,"footnotes":""},"_links":{"self":[{"href":"https:\/\/sylverepetit-photos.com\/index.php\/wp-json\/wp\/v2\/pages\/271"}],"collection":[{"href":"https:\/\/sylverepetit-photos.com\/index.php\/wp-json\/wp\/v2\/pages"}],"about":[{"href":"https:\/\/sylverepetit-photos.com\/index.php\/wp-json\/wp\/v2\/types\/page"}],"author":[{"embeddable":true,"href":"https:\/\/sylverepetit-photos.com\/index.php\/wp-json\/wp\/v2\/users\/1"}],"replies":[{"embeddable":true,"href":"https:\/\/sylverepetit-photos.com\/index.php\/wp-json\/wp\/v2\/comments?post=271"}],"version-history":[{"count":67,"href":"https:\/\/sylverepetit-photos.com\/index.php\/wp-json\/wp\/v2\/pages\/271\/revisions"}],"predecessor-version":[{"id":1400,"href":"https:\/\/sylverepetit-photos.com\/index.php\/wp-json\/wp\/v2\/pages\/271\/revisions\/1400"}],"wp:attachment":[{"href":"https:\/\/sylverepetit-photos.com\/index.php\/wp-json\/wp\/v2\/media?parent=271"}],"curies":[{"name":"wp","href":"https:\/\/api.w.org\/{rel}","templated":true}]}}